ate o(4).
23
Let d(f) = -151*f - 767. Calculate d(-5).
-12
Let c(u) = u**3 - 21*u**2 + 144*u - 314. Give c(7).
8
Let g(v) = v**3 + 2*v**2 + 9*v + 5. Calculate g(-3).
-31
Let m(w) = -w**3 - 20*w**2 - 22*w - 76. Give m(-19).
-19
Let s(i) = 211*i + 112. What is s(0)?
112
Let h(r) = -r**3 - 100*r**2 - 290*r + 90. Give h(-97).
-7
Let p(x) = 2*x**2 + 51*x - 15. Calculate p(-21).
-204
Let c(p) = -108*p + 1179. Calculate c(11).
-9
Let s(k) = -k**2 + 61*k + 960. Calculate s(-13).
-2
Let j(r) = 7*r**2 - 221*r - 91. Determine j(32).
5
Let w(b) = 645*b**3 - 7*b**2 + 6*b. Calculate w(1).
644
Let g(w) = -1411*w + 4239. Calculate g(3).
6
Let q(d) = d**2 + 3*d - 47. What is q(-9)?
7
Let j(d) = 1186*d - 4738. Calculate j(4).
6
Let w(x) = -x**3 + 8*x**2 + 2*x + 9. Determine w(9).
-54
Let c(h) = -h**3 - 45*h**2 - 54*h - 449. Determine c(-44).
-9
Let o(q) = -q**2 - 22*q - 65. Give o(-28).
-233
Let q(s) = s**2 + 233*s - 1428. Determine q(6).
6
Let c(m) = -219*m + 441. Calculate c(2).
3
Let w(c) = -71*c + 10481. Calculate w(147).
44
Let r(q) = 10*q**2 + 90*q - 3. Give r(-9).
-3
Let i(y) = 3*y**2 - 264*y + 1247. Give i(83).
2
Let m(q) = -q**2 + 10*q + 688. What is m(-21)?
37
Let d(h) = -12*h**2 + 60*h - 17. Determine d(5).
-17
Let g(i) = -i**2 - 32*i + 1618. Determine g(29).
-151
Let r(y) = -2*y**2 - 67*y - 45. Determine r(-32).
51
Let v(b) = -2*b**3 + 88*b**2 - 82*b - 81. What is v(43)?
91
Let q(f) = -f**2 + 44*f + 8103. Give q(-71).
-62
Let v(t) = -t**3 + 24*t**2 - 127*t - 124. Calculate v(15).
-4
Let j(y) = -3*y**3 + 6*y**2 + 6*y - 1. Give j(5).
-196
Let i(n) = -2*n**2 - 8*n - 11. Calculate i(-7).
-53
Let s(d) = -d**3 + 197*d**2 - 776*d + 785. Calculate s(193).
13
Let z(u) = -u**3 - 4*u**2 + 325*u + 2112. Give z(-7).
-16
Let z(b) = 4*b**2 - 17*b - 291. Calculate z(-10).
279
Let j(f) = 434*f - 46872. Determine j(108).
0
Let i(z) = 40*z**2 + 104*z + 312. Calculate i(-3).
360
Let w(k) = -k**3 - 12*k**2 - 27*k + 5. Determine w(0).
5
Let c(f) = f**3 - 14*f**2 + 49*f - 1280. Calculate c(16).
16
Let h(c) = 7*c + 503. Calculate h(-111).
-274
Let p(i) = 2*i**2 + 32*i + 147. Calculate p(-8).
19
Let a(p) = 2*p**3 - 106*p**2 - 221*p + 81. Calculate a(55).
26
Let r(f) = -16*f**2 - 106*f - 625. Determine r(-6).
-565
Let v(q) = 47*q**2 - 4*q + 5. Calculate v(2).
185
Let b(g) = g**3 - 2*g**2 + 9*g + 97. Calculate b(-5).
-123
Let r(j) = -j**3 - 2550*j**2 + 10218*j - 2. Determine r(4).
6
Let r(w) = -2*w**3 - 288*w**2 - 1120*w - 9. What is r(-4)?
-9
Let z(h) = -h**3 + 14*h**2 + 10*h + 111. Calculate z(14).
251
Let o(d) = d**3 + 10*d**2 + 31*d - 27. Give o(-10).
-337
Let x(g) = -6*g + 520. Calculate x(73).
82
Let x(q) = -q**3 + 83*q**2 - 316*q - 33. Calculate x(79).
-33
Let o(u) = 50*u + 398. Determine o(-6).
98
Let c(k) = 12*k - 1074. Calculate c(89).
-6
Let m(u) = -40*u - 110. Give m(-8).
210
Let u(r) = 2336*r - 30338. Determine u(13).
30
Let v(w) = -20*w + 298. Calculate v(4).
218
Let y(v) = -v**2 + 20*v + 55. Calculate y(18).
91
Let u(j) = j**3 + 9*j**2 + 27*j + 26. Calculate u(-6).
-28
Let z(a) = -4*a**2 - 6*a + 7. Calculate z(2).
-21
Let u(z) = z**3 - 4*z**2 - 2*z - 138. Determine u(0).
-138
Let s(k) = -k**3 - 16*k**2 - 43*k + 8. Determine s(-7).
-132
Let g(u) = -u**2 - 128*u - 6. Calculate g(0).
-6
Let y(b) = -b**3 + 35*b**2 + 134*b + 858. Give y(39).
0
Let z(d) = -4*d**3 + 8*d**2 + 8*d - 1. Determine z(-1).
3
Let t(a) = 2815*a - 16916. Determine t(6).
-26
Let f(v) = -2*v**2 + 50*v - 710. Calculate f(17).
-438
Let n(l) = -l**2 + 20*l + 3. Determine n(21).
-18
Let z(o) = o**2 + 115*o + 3201. Calculate z(-47).
5
Let y(g) = 76*g + 2039. Determine y(-27).
-13
Let j(v) = -v**3 - 26*v**2 - 8*v + 12. Calculate j(-26).
220
Let z(r) = r**3 - 40*r**2 - 37*r - 162. Give z(41).
2
Let w(f) = -49*f - 100. Determine w(-2).
-2
Let y(j) = -345*j + 2832. Give y(8).
72
Let i(s) = s**3 - 37*s**2 - 263*s - 45. Calculate i(-6).
-15
Let a(m) = -8*m**2 + 29*m + 4. Give a(3).
19
Let k(f) = f**3 + f**2 - 13*f - 17. What is k(-5)?
-52
Let q(u) = -u**2 - 59*u - 118. Give q(-2).
-4
Let f(t) = 645*t + 3301. Calculate f(-5).
76
Let c(n) = -8*n**2 + 107*n + 127. Calculate c(15).
-68
Let h(d) = 3*d**2 + 41*d - 23. Calculate h(-15).
37
Let f(x) = 315*x - 634. Determine f(2).
-4
Let l(d) = -689*d + 1286. Calculate l(2).
-92
Let v(l) = -20*l**2 + 152*l + 6. Give v(8).
-58
Let g(c) = 112*c - 781. Give g(7).
3
Let z(r) = 738*r + 11821. Give z(-16).
13
Let h(i) = -3*i**2 + 53*i - 48. Determine h(20).
-188
Let z(t) = -t**3 + 8*t**2 - t - 59. Determine z(7).
-17
Let y(v) = 9*v**2 - 420*v - 2335. Calculate y(-5).
-10
Let o(m) = 80*m - 1684. Give o(21).
-4
Let g(j) = j**3 + 3*j**2 + 12*j + 9. Determine g(3).
99
Let r(a) = a**2 + 84*a - 271. What is r(3)?
-10
Let r(s) = -s**3 + 46*s**2 + 431*s - 9. Determine r(-8).
-1
Let c(n) = -n**3 + 54*n**2 - 120*n + 799. Determine c(52).
-33
Let f(k) = -62*k + 915. Calculate f(15).
-15
Let i(j) = 397*j + 14. Calculate i(0).
14
Let r(x) = 5*x**2 - 156*x + 25. Determine r(31).
-6
Let r(d) = -92*d + 1117. Calculate r(12).
13
Let a(n) = -10*n - 407. Determine a(-40).
-7
Let o(q) = -6*q**2 + 330*q - 3. Calculate o(55).
-3
Let r(h) = 395*h + 13438. Determine r(-34).
8
Let n(q) = 438*q - 31. Determine n(1).
407
Let o(q) = -11295*q + 135543. Give o(12).
3
Let g(m) = -m**3 + 60*m**2 - 218*m - 352. What is g(56)?
-16
Let b(d) = d**3 + 56*d**2 - 818*d + 30. Determine b(12).
6
Let p(b) = 122*b - 1087. What is p(9)?
11
Let y(a) = a**3 - 9*a**2 - 22*a - 36. Calculate y(11).
-36
Let q(a) = -a**3 - 10*a**2 - 23*a + 7. What is q(-6)?
1
Let z(t) = -t**2 - 53*t - 686. Determine z(-37).
-94
Let n(s) = -3*s**3 + 37*s**2 + 61*s - 457. Determine n(13).
-2
Let q(l) = -84*l + 263. Calculate q(4).
-73
Let y(j) = -j**3 + 55*j**2 - 570*j - 50. Give y(14).
6
Let t(j) = j**3 - 15*j**2 - 385*j + 5055. What is t(12)?
3
Let v(q) = 148*q + 173. Calculate v(-2).
-123
Let i(t) = -t**2 - 558*t - 3833. Calculate i(-7).
24
Let h(q) = -8*q**3 + 647*q**2 + 74*q + 569. Calculate h(81).
2
Let i(z) = -19*z + 1124. Give i(61).
-35
Let k(w) = -379*w + 1197. Determine k(3).
60
Let v(b) = -b**3 - 35*b**2 - 190*b - 42. Give v(-28).
-210
Let c(a) = -a**3 - 36*a**2 - 127*a + 33. Calculate c(-32).
1
Let j(q) = q**3 + 44*q**2 + 92*q + 207. Determine j(-42).
-129
Let u(z) = -2419*z - 154816. Calculate u(-64).
0
Let p(j) = j**2 - 62*j - 61. What is p(63)?
2
Let o(u) = 2723*u + 32680. Determine o(-12).
4
Let t(b) = -b**2 + 34*b - 211. Determine t(9).
14
Let q(c) = -c**2 - 797*c - 795. What is q(-1)?
1
Let f(h) = h**2 + h - 42. Calculate f(-7).
0
Let t(o) = -72*o - 544. Calculate t(-8).
32
Let s(y) = -y**2 + 39*y - 119. Determine s(8).
129
Let j(l) = -43*l - 1606. Give j(-38).
28
Let n(u) = u**2 + 21*u - 4205. Calculate n(55).
-25
Let h(t) = -t**3 + 14*t**2 + 85*t - 1289. Give h(11).
9
Let y(c) = -14*c - 750. Give y(-56).
34
Let l(o) = o**2 + 285*o + 20181. Determine l(-151).
-53
Let g(j) = -8*j**3 - 192*j**2 + j + 35. Give g(-24).
11
Let d(z) = -z**3 - 29*z**2 - 163*z - 44. Calculate d(-22).
154
Let c(t) = -9*t**2 + 117*t + 354. Give c(-3).
-78
Let j(p) = -3*p**3 - 46*p**2 - 110*p + 104. Give j(-12).
-16
Let k(v) = v**3 - 21*v**2 + 117*v - 25. Calculate k(8).
79
Let n(y) = -y**3 + 3*y**2 + 71*y + 17. Calculate n(-7).
10
Let h(p) = p**2 + 92*p + 821. Give h(-12).
-139
Let f(p) = -1241*p + 11078. Determine f(9).
-91
Let a(h) = h**3 - 101*h**2 + 285*h + 942. What is a(98)?
60
Let w(s) = s**2 + 2*s - 7. Determine w(7).
56
Let p(q) = 2*q**2 + 2*q - 27. Calculate p(-5).
13
Let u(z) = 239*z + 4786. What is u(-20)?
6
Let h(z) = 3*z**3 - 36*z**2 + 20*z + 158. What is h(11)?
15
Let v(a) = 717*a - 4498. Calculate v(6).
-196
Let h(o) = 5*o**2 + 53*o - 552. What is h(-16)?
-120
Let n(l) = 84*l**2 - 4*l + 6. Give n(-1).
94
Let d(k) = k**3 + 7*k**2 + 4. What is d(-5)?
54
Let u(n) = -n**3 + 40*n + 6. Determine u(6).
30
Let g(k) = 2*k**2 - 15*k - 546. Determine g(-13).
-13
Let a(m) = -m**3 + 88*m**2 - 155*m - 1465. What is a(86)?
-3
Let l(n) = n**3 - 16*n**2 + 92*n - 692. Give l(13).
-3
Let q(l) = -377*l + 4176. Determine q(11).
29
Let b(i) = -2*i**3 + 57*i**2 + 138*i - 3174. Determine b(29).
-13
Let u(r) = -3927*r - 3931. Give u(-1).
-4
Let w(j) = -j**3 - 42*j**2 + 3161*j + 163. Give w(-81).
1
Let z(r) = -22*r**2 - 753*r + 593. What is z(-35)?
-2